{"id":3337,"date":"2025-01-30T00:34:09","date_gmt":"2025-01-30T05:34:09","guid":{"rendered":"https:\/\/rrigcg.com\/?page_id=3337"},"modified":"2025-05-24T15:06:42","modified_gmt":"2025-05-24T20:06:42","slug":"membership","status":"publish","type":"page","link":"https:\/\/rrigcg.com\/index.php\/membership\/","title":{"rendered":"Membership"},"content":{"rendered":"<p><img decoding=\"async\" src=\"https:\/\/rrigcg.com\/wp-content\/uploads\/2024\/01\/logoRRI.png\" title=\"RRI\" alt=\"RRI\" loading=\"lazy\" \/><br \/>\n\t\t\t\t\t<a href=\"https:\/\/www.facebook.com\/RRIConsultores\" target=\"_blank\" rel=\"noopener\"><br \/>\n\t\t\t\t\t\tFacebook<br \/>\n\t\t\t\t\t\t<svg viewBox=\"0 0 512 512\" xmlns=\"http:\/\/www.w3.org\/2000\/svg\"><path d=\"M504 256C504 119 393 8 256 8S8 119 8 256c0 123.78 90.69 226.38 209.25 245V327.69h-63V256h63v-54.64c0-62.15 37-96.48 93.67-96.48 27.14 0 55.52 4.84 55.52 4.84v61h-31.28c-30.8 0-40.41 19.12-40.41 38.73V256h68.78l-11 71.69h-57.78V501C413.31 482.38 504 379.78 504 256z\"><\/path><\/svg>\t\t\t\t\t<\/a><br \/>\n\t\t\t\t\t<a href=\"https:\/\/www.linkedin.com\/in\/rri-global-consulting-group-inc-740422204\/\" target=\"_blank\" rel=\"noopener\"><br \/>\n\t\t\t\t\t\tLinkedin<br \/>\n\t\t\t\t\t\t<svg viewBox=\"0 0 448 512\" xmlns=\"http:\/\/www.w3.org\/2000\/svg\"><path d=\"M416 32H31.9C14.3 32 0 46.5 0 64.3v383.4C0 465.5 14.3 480 31.9 480H416c17.6 0 32-14.5 32-32.3V64.3c0-17.8-14.4-32.3-32-32.3zM135.4 416H69V202.2h66.5V416zm-33.2-243c-21.3 0-38.5-17.3-38.5-38.5S80.9 96 102.2 96c21.2 0 38.5 17.3 38.5 38.5 0 21.3-17.2 38.5-38.5 38.5zm282.1 243h-66.4V312c0-24.8-.5-56.7-34.5-56.7-34.6 0-39.9 27-39.9 54.9V416h-66.4V202.2h63.7v29.2h.9c8.9-16.8 30.6-34.5 62.9-34.5 67.2 0 79.7 44.3 79.7 101.9V416z\"><\/path><\/svg>\t\t\t\t\t<\/a><br \/>\n\t\t\t\t\t<a href=\"https:\/\/www.instagram.com\/rrigcg_\/\" target=\"_blank\" rel=\"noopener\"><br \/>\n\t\t\t\t\t\tInstagram<br \/>\n\t\t\t\t\t\t<svg viewBox=\"0 0 448 512\" xmlns=\"http:\/\/www.w3.org\/2000\/svg\"><path d=\"M224.1 141c-63.6 0-114.9 51.3-114.9 114.9s51.3 114.9 114.9 114.9S339 319.5 339 255.9 287.7 141 224.1 141zm0 189.6c-41.1 0-74.7-33.5-74.7-74.7s33.5-74.7 74.7-74.7 74.7 33.5 74.7 74.7-33.6 74.7-74.7 74.7zm146.4-194.3c0 14.9-12 26.8-26.8 26.8-14.9 0-26.8-12-26.8-26.8s12-26.8 26.8-26.8 26.8 12 26.8 26.8zm76.1 27.2c-1.7-35.9-9.9-67.7-36.2-93.9-26.2-26.2-58-34.4-93.9-36.2-37-2.1-147.9-2.1-184.9 0-35.8 1.7-67.6 9.9-93.9 36.1s-34.4 58-36.2 93.9c-2.1 37-2.1 147.9 0 184.9 1.7 35.9 9.9 67.7 36.2 93.9s58 34.4 93.9 36.2c37 2.1 147.9 2.1 184.9 0 35.9-1.7 67.7-9.9 93.9-36.2 26.2-26.2 34.4-58 36.2-93.9 2.1-37 2.1-147.8 0-184.8zM398.8 388c-7.8 19.6-22.9 34.7-42.6 42.6-29.5 11.7-99.5 9-132.1 9s-102.7 2.6-132.1-9c-19.6-7.8-34.7-22.9-42.6-42.6-11.7-29.5-9-99.5-9-132.1s-2.6-102.7 9-132.1c7.8-19.6 22.9-34.7 42.6-42.6 29.5-11.7 99.5-9 132.1-9s102.7-2.6 132.1 9c19.6 7.8 34.7 22.9 42.6 42.6 11.7 29.5 9 99.5 9 132.1s2.7 102.7-9 132.1z\"><\/path><\/svg>\t\t\t\t\t<\/a><br \/>\n\t\t\t\t\t<a href=\"https:\/\/www.youtube.com\/channel\/UCZkrjlk4bibvjzW_FlSmBGw\" target=\"_blank\" rel=\"noopener\"><br \/>\n\t\t\t\t\t\tYoutube<br \/>\n\t\t\t\t\t\t<svg viewBox=\"0 0 576 512\" xmlns=\"http:\/\/www.w3.org\/2000\/svg\"><path d=\"M549.655 124.083c-6.281-23.65-24.787-42.276-48.284-48.597C458.781 64 288 64 288 64S117.22 64 74.629 75.486c-23.497 6.322-42.003 24.947-48.284 48.597-11.412 42.867-11.412 132.305-11.412 132.305s0 89.438 11.412 132.305c6.281 23.65 24.787 41.5 48.284 47.821C117.22 448 288 448 288 448s170.78 0 213.371-11.486c23.497-6.321 42.003-24.171 48.284-47.821 11.412-42.867 11.412-132.305 11.412-132.305s0-89.438-11.412-132.305zm-317.51 213.508V175.185l142.739 81.205-142.739 81.201z\"><\/path><\/svg>\t\t\t\t\t<\/a><br \/>\n\t\t\t\t\t\t\t\t\t\t\t\t\t\t\t\t\t<img decoding=\"async\" src=\"https:\/\/rrigcg.com\/wp-content\/uploads\/2025\/01\/1RRI-Membership.png\" title=\"RRI\" alt=\"RRI\" loading=\"lazy\" \/>\t\t\t\t\t\t\t\t\t\t\t\t\t\t\t\t<\/p>\n<h3><font style=\"vertical-align: inherit;\"><font style=\"vertical-align: inherit;\">PROGRAM<\/font><\/font><\/h3>\n<p><strong>RRI GLOBAL CONSULTING GROUP INC.<\/strong><strong><br \/><\/strong><\/p>\n<p>\t\t\t\t\t\t\t\t<a role=\"button\"><br \/>\n\t\t\t\t\t\t\t\t\tACCEDER A Membres\u00eda<br \/>\n\t\t\t\t\t<\/a><\/p>\n<p>Construye un negocio s\u00f3lido con nuestra membres\u00eda, incrementa tu facturaci\u00f3n (sin tanto estr\u00e9s) y obt\u00e9n tu tiempo para desarrollar otros proyectos empresariales &#8230;<\/p>\n<p>&lt;&lt; Menos Horas de Trabajo. M\u00e1s Ingresos. M\u00e1s Organizaci\u00f3n y Resultados<em> &gt;&gt;<br \/><\/em><\/p>\n<p>\t\t\t\t\t\t\t\t\t\t\t\t\t\t\t\t\t<img decoding=\"async\" src=\"https:\/\/rrigcg.com\/wp-content\/uploads\/2024\/01\/Manos.jpg\" title=\"Membresia RRI\" alt=\"Membresia RRI\" loading=\"lazy\" \/>\t\t\t\t\t\t\t\t\t\t\t\t\t\t\t\t\t\t\t\t\t<a role=\"button\"><br \/>\n\t\t\t\t<svg aria-hidden=\"true\" viewBox=\"0 0 448 512\" xmlns=\"http:\/\/www.w3.org\/2000\/svg\"><path d=\"M400 480H48c-26.51 0-48-21.49-48-48V80c0-26.51 21.49-48 48-48h352c26.51 0 48 21.49 48 48v352c0 26.51-21.49 48-48 48zm-204.686-98.059l184-184c6.248-6.248 6.248-16.379 0-22.627l-22.627-22.627c-6.248-6.248-16.379-6.249-22.628 0L184 302.745l-70.059-70.059c-6.248-6.248-16.379-6.248-22.628 0l-22.627 22.627c-6.248 6.248-6.248 16.379 0 22.627l104 104c6.249 6.25 16.379 6.25 22.628.001z\"><\/path><\/svg><br \/>\n\t\t\t\t\t\t\t\t\tQuiero la membres\u00eda<br \/>\n\t\t\t\t\t<\/a><\/p>\n<p>Programa de Membres\u00eda<\/p>\n<p>RRI Global Consulting Group Inc.<\/p>\n<p>Disgnosticar su empresa, identificar los riesgos, oportunidades, desarrollar planes corporativos, minimizar los riesgos en cada decisi\u00f3n corporativa y lo m\u00e1s importante, crear y desarrollar la valorizaci\u00f3n de empresa, esa es nuestra visi\u00f3n y objetivo de la membres\u00eda RRI Global Consulting Group.<\/p>\n<p>Quiero ayudarte a Insertar el Programa de Membres\u00eda RRI Global Consulting Group Inc. Preciso, Personalizado que Explote la Ventas de tu Negocio&#8230;<\/p>\n<p>\t\t\t\t<svg aria-hidden=\"true\" viewBox=\"0 0 496 512\" xmlns=\"http:\/\/www.w3.org\/2000\/svg\"><path d=\"M248 8C111 8 0 119 0 256s111 248 248 248 248-111 248-248S385 8 248 8zm0 448c-110.3 0-200-89.7-200-200S137.7 56 248 56s200 89.7 200 200-89.7 200-200 200zm-80-216c17.7 0 32-14.3 32-32s-14.3-32-32-32-32 14.3-32 32 14.3 32 32 32zm160-64c-17.7 0-32 14.3-32 32s14.3 32 32 32 32-14.3 32-32-14.3-32-32-32zm-80 128c-40.2 0-78 17.7-103.8 48.6-8.5 10.2-7.1 25.3 3.1 33.8 10.2 8.4 25.3 7.1 33.8-3.1 16.6-19.9 41-31.4 66.9-31.4s50.3 11.4 66.9 31.4c8.1 9.7 23.1 11.9 33.8 3.1 10.2-8.5 11.5-23.6 3.1-33.8C326 321.7 288.2 304 248 304z\"><\/path><\/svg>\t\t\t\t<\/p>\n<h3>\n\t\t\t\t\t\t\tNO SEAS EL 88%<br \/>\n\t\t\t\t\t<\/h3>\n<p>\n\t\t\t\t\t\tde negocios que cierran en los primeros 5 a\u00f1os.\t\t\t\t\t<\/p>\n<p>\t\t\t\t<svg aria-hidden=\"true\" viewBox=\"0 0 496 512\" xmlns=\"http:\/\/www.w3.org\/2000\/svg\"><path d=\"M248 8C111 8 0 119 0 256s111 248 248 248 248-111 248-248S385 8 248 8zm0 448c-110.3 0-200-89.7-200-200S137.7 56 248 56s200 89.7 200 200-89.7 200-200 200zm-80-216c17.7 0 32-14.3 32-32s-14.3-32-32-32-32 14.3-32 32 14.3 32 32 32zm160-64c-17.7 0-32 14.3-32 32s14.3 32 32 32 32-14.3 32-32-14.3-32-32-32zm-80 128c-40.2 0-78 17.7-103.8 48.6-8.5 10.2-7.1 25.3 3.1 33.8 10.2 8.4 25.3 7.1 33.8-3.1 16.6-19.9 41-31.4 66.9-31.4s50.3 11.4 66.9 31.4c8.1 9.7 23.1 11.9 33.8 3.1 10.2-8.5 11.5-23.6 3.1-33.8C326 321.7 288.2 304 248 304z\"><\/path><\/svg>\t\t\t\t<\/p>\n<h3>\n\t\t\t\t\t\t\tEL 94% DE NEGOCIOS<br \/>\n\t\t\t\t\t<\/h3>\n<p>\n\t\t\t\t\t\tque sobreviven cierran en los pr\u00f3ximos 10 a\u00f1os.\t\t\t\t\t<\/p>\n<p>\t\t\t\t<svg aria-hidden=\"true\" viewBox=\"0 0 496 512\" xmlns=\"http:\/\/www.w3.org\/2000\/svg\"><path d=\"M248 8C111 8 0 119 0 256s111 248 248 248 248-111 248-248S385 8 248 8zm0 448c-110.3 0-200-89.7-200-200S137.7 56 248 56s200 89.7 200 200-89.7 200-200 200zm-80-216c17.7 0 32-14.3 32-32s-14.3-32-32-32-32 14.3-32 32 14.3 32 32 32zm160-64c-17.7 0-32 14.3-32 32s14.3 32 32 32 32-14.3 32-32-14.3-32-32-32zm-80 128c-40.2 0-78 17.7-103.8 48.6-8.5 10.2-7.1 25.3 3.1 33.8 10.2 8.4 25.3 7.1 33.8-3.1 16.6-19.9 41-31.4 66.9-31.4s50.3 11.4 66.9 31.4c8.1 9.7 23.1 11.9 33.8 3.1 10.2-8.5 11.5-23.6 3.1-33.8C326 321.7 288.2 304 248 304z\"><\/path><\/svg>\t\t\t\t<\/p>\n<h3>\n\t\t\t\t\t\t\tEL 60% NO POSEE<br \/>\n\t\t\t\t\t<\/h3>\n<p>\n\t\t\t\t\t\tplan y  maximiza el riesgo en el futuro.\t\t\t\t\t<\/p>\n<p>\t\t\t\t<svg aria-hidden=\"true\" viewBox=\"0 0 496 512\" xmlns=\"http:\/\/www.w3.org\/2000\/svg\"><path d=\"M248 8C111 8 0 119 0 256s111 248 248 248 248-111 248-248S385 8 248 8zm0 448c-110.3 0-200-89.7-200-200S137.7 56 248 56s200 89.7 200 200-89.7 200-200 200zm-80-216c17.7 0 32-14.3 32-32s-14.3-32-32-32-32 14.3-32 32 14.3 32 32 32zm160-64c-17.7 0-32 14.3-32 32s14.3 32 32 32 32-14.3 32-32-14.3-32-32-32zm-80 128c-40.2 0-78 17.7-103.8 48.6-8.5 10.2-7.1 25.3 3.1 33.8 10.2 8.4 25.3 7.1 33.8-3.1 16.6-19.9 41-31.4 66.9-31.4s50.3 11.4 66.9 31.4c8.1 9.7 23.1 11.9 33.8 3.1 10.2-8.5 11.5-23.6 3.1-33.8C326 321.7 288.2 304 248 304z\"><\/path><\/svg>\t\t\t\t<\/p>\n<h3>\n\t\t\t\t\t\t\t70 % OPERAN BAJO<br \/>\n\t\t\t\t\t<\/h3>\n<p>\n\t\t\t\t\t\t50 al 60 % por debajo de su valor de mercado.\t\t\t\t\t<\/p>\n<p>\t\t\t\t\t\t\t\t\t\t\t\t\t\t\t\t\t<img decoding=\"async\" src=\"https:\/\/rrigcg.com\/wp-content\/uploads\/2024\/01\/FondoMembresia.jpg\" title=\"Membresia RRI\" alt=\"Membresia RRI\" loading=\"lazy\" \/>\t\t\t\t\t\t\t\t\t\t\t\t\t\t\t\t<\/p>\n<p>PREGUNTAS<\/p>\n<h2>Las personas se hacen estas preguntas:<\/h2>\n<h3>\n\t\t\t\t\t\t\t01<br \/>\n\t\t\t\t\t<\/h3>\n<p>\n\t\t\t\t\t\tC\u00f3mo puedo diagnosticar mi empresa?\t\t\t\t\t<\/p>\n<h3>\n\t\t\t\t\t\t\t02<br \/>\n\t\t\t\t\t<\/h3>\n<p>\n\t\t\t\t\t\tC\u00f3mo puedo capitalizar mi compa\u00f1\u00eda?\t\t\t\t\t<\/p>\n<h3>\n\t\t\t\t\t\t\t03<br \/>\n\t\t\t\t\t<\/h3>\n<p>\n\t\t\t\t\t\tEs realmente rentable mi empresa?\t\t\t\t\t<\/p>\n<h3>\n\t\t\t\t\t\t\t04<br \/>\n\t\t\t\t\t<\/h3>\n<p>\n\t\t\t\t\t\tC\u00f3mo puedo alcanzar buenos t\u00e9rminos y conclusiones financieras para mi empresa?\t\t\t\t\t<\/p>\n<h3>\n\t\t\t\t\t\t\t05<br \/>\n\t\t\t\t\t<\/h3>\n<p>\n\t\t\t\t\t\tC\u00f3mo puedo obtener todos los servicos de consultor\u00eda<br \/>\n     y desarrollo de empresa en una misma plataforma?\t\t\t\t\t<\/p>\n<h3>\n\t\t\t\t\t\t\t06<br \/>\n\t\t\t\t\t<\/h3>\n<p>\n\t\t\t\t\t\tC\u00f3mo puedo tener un manual de conducta efciente<br \/>\n      para mi empresa?\t\t\t\t\t<\/p>\n<p>De hecho, todo nuestro <strong>programa de membres\u00eda<\/strong> se basa en un m\u00e9todo probado que te permitir\u00e1 conseguir resultados mucho antes de lo que esperas &#8230;<\/p>\n<p>&#8211; AQU\u00cd TE CUENTO C\u00d3MO LO HAREMOS&#8230; &#8211;\u00a0<\/p>\n<p>\t\t\t\t\t\t\t\t\t\t\t\t\t<img loading=\"lazy\" decoding=\"async\" width=\"100\" height=\"100\" src=\"https:\/\/rrigcg.com\/wp-content\/uploads\/2024\/01\/icono-01.png\" alt=\"RRI\" \/>\t\t\t\t\t\t\t\t\t\t\t\t\t<\/p>\n<p>01<\/p>\n<p>Diagn\u00f3stico Empresarial<\/p>\n<p>\t\t\t\t\t\t\t\t\t\t\t\t\t<img loading=\"lazy\" decoding=\"async\" width=\"100\" height=\"100\" src=\"https:\/\/rrigcg.com\/wp-content\/uploads\/2024\/01\/icono-02.png\" alt=\"RRI\" \/>\t\t\t\t\t\t\t\t\t\t\t\t\t<\/p>\n<p>02<\/p>\n<p>Plan de Desarrollo Empresarial<\/p>\n<p>\t\t\t\t\t\t\t\t\t\t\t\t\t<img loading=\"lazy\" decoding=\"async\" width=\"100\" height=\"100\" src=\"https:\/\/rrigcg.com\/wp-content\/uploads\/2024\/01\/icono-03.png\" alt=\"RRI\" \/>\t\t\t\t\t\t\t\t\t\t\t\t\t<\/p>\n<p>03<\/p>\n<p>Manual de Reglamento Organizacional<\/p>\n<p>\t\t\t\t\t\t\t\t\t\t\t\t\t<img loading=\"lazy\" decoding=\"async\" width=\"100\" height=\"100\" src=\"https:\/\/rrigcg.com\/wp-content\/uploads\/2024\/01\/icono-04.png\" alt=\"RRI\" \/>\t\t\t\t\t\t\t\t\t\t\t\t\t<\/p>\n<p>04<\/p>\n<p>Diagn\u00f3stico Tecnol\u00f3gico<\/p>\n<p>\t\t\t\t\t\t\t\t\t\t\t\t\t<img loading=\"lazy\" decoding=\"async\" width=\"100\" height=\"100\" src=\"https:\/\/rrigcg.com\/wp-content\/uploads\/2024\/01\/icono-05.png\" alt=\"RRI\" \/>\t\t\t\t\t\t\t\t\t\t\t\t\t<\/p>\n<p>05<\/p>\n<p>Banco de Referidos Empresariales<\/p>\n<p>\t\t\t\t\t\t\t\t\t\t\t\t\t<img loading=\"lazy\" decoding=\"async\" width=\"100\" height=\"100\" src=\"https:\/\/rrigcg.com\/wp-content\/uploads\/2024\/01\/icono-06.png\" alt=\"RRI\" \/>\t\t\t\t\t\t\t\t\t\t\t\t\t<\/p>\n<p>06<\/p>\n<p>Sala Vip RRI<\/p>\n<p>\t\t\t\t\t\t\t\t\t\t\t\t\t<img loading=\"lazy\" decoding=\"async\" width=\"100\" height=\"100\" src=\"https:\/\/rrigcg.com\/wp-content\/uploads\/2024\/01\/icono-07.png\" alt=\"RRI\" \/>\t\t\t\t\t\t\t\t\t\t\t\t\t<\/p>\n<p>07<\/p>\n<p>La Banca en tu Empresa<\/p>\n<p>\t\t\t\t\t\t\t\t<a role=\"button\"><br \/>\n\t\t\t\t<svg aria-hidden=\"true\" viewBox=\"0 0 448 512\" xmlns=\"http:\/\/www.w3.org\/2000\/svg\"><path d=\"M400 480H48c-26.51 0-48-21.49-48-48V80c0-26.51 21.49-48 48-48h352c26.51 0 48 21.49 48 48v352c0 26.51-21.49 48-48 48zm-204.686-98.059l184-184c6.248-6.248 6.248-16.379 0-22.627l-22.627-22.627c-6.248-6.248-16.379-6.249-22.628 0L184 302.745l-70.059-70.059c-6.248-6.248-16.379-6.248-22.628 0l-22.627 22.627c-6.248 6.248-6.248 16.379 0 22.627l104 104c6.249 6.25 16.379 6.25 22.628.001z\"><\/path><\/svg><br \/>\n\t\t\t\t\t\t\t\t\tQuiero la membres\u00eda<br \/>\n\t\t\t\t\t<\/a><\/p>\n<p>&#8211; Socios Estrat\u00e9gicos &#8211;\u00a0<\/p>\n<p>La membres\u00eda est\u00e1 acreditada por empresas que forman parte de la RRI Global Consulting Group Inc. para expandirse.<\/p>\n<figure><img decoding=\"async\" src=\"https:\/\/rrigcg.com\/wp-content\/uploads\/2023\/12\/LABBB000.jpg\" alt=\"Labo\" \/><\/figure>\n<figure><img decoding=\"async\" src=\"https:\/\/rrigcg.com\/wp-content\/uploads\/2021\/03\/RegistrarCorp.png\" alt=\"RegistrarCorp\" \/><\/figure>\n<figure><img decoding=\"async\" src=\"https:\/\/rrigcg.com\/wp-content\/uploads\/2023\/12\/ASPERE-.jpg\" alt=\"Aspire\" \/><\/figure>\n<figure><img decoding=\"async\" src=\"https:\/\/rrigcg.com\/wp-content\/uploads\/2021\/03\/AlbaAbogados.png\" alt=\"AlbaAbogados\" \/><\/figure>\n<figure><img decoding=\"async\" src=\"https:\/\/rrigcg.com\/wp-content\/uploads\/2021\/07\/dominiteclogo.jpg\" alt=\"Domitek\" \/><\/figure>\n<figure><img decoding=\"async\" src=\"https:\/\/rrigcg.com\/wp-content\/uploads\/2023\/12\/BlackBrandHernan-1.jpg\" alt=\"BlackBrandHernan\" \/><\/figure>\n<figure><img decoding=\"async\" src=\"https:\/\/rrigcg.com\/wp-content\/uploads\/2023\/12\/AK2consultores.jpg\" alt=\"AK2consultores\" \/><\/figure>\n<figure><img decoding=\"async\" src=\"https:\/\/rrigcg.com\/wp-content\/uploads\/2021\/07\/logoCentrounido.jpg\" alt=\"Centro Unido\" \/><\/figure>\n<figure><img decoding=\"async\" src=\"https:\/\/rrigcg.com\/wp-content\/uploads\/2021\/07\/CamaracomercioSAN.jpg\" alt=\"Camara Comercio San Bernardo\" \/><\/figure>\n<figure><img decoding=\"async\" src=\"https:\/\/rrigcg.com\/wp-content\/uploads\/2021\/07\/faba.jpg\" alt=\"Faba\" \/><\/figure>\n<figure><img decoding=\"async\" src=\"https:\/\/rrigcg.com\/wp-content\/uploads\/2022\/02\/logoSiembraLaTierra.png\" alt=\"Siembra La Tierra\" \/><\/figure>\n<figure><img decoding=\"async\" src=\"https:\/\/rrigcg.com\/wp-content\/uploads\/2021\/07\/LaOrocobena.jpg\" alt=\"Orocovena\" \/><\/figure>\n<figure><img decoding=\"async\" src=\"https:\/\/rrigcg.com\/wp-content\/uploads\/2021\/08\/Choroteca-e1628621753381.jpg\" alt=\"Choroteca\" \/><\/figure>\n<figure><img decoding=\"async\" src=\"https:\/\/rrigcg.com\/wp-content\/uploads\/2021\/07\/logoParadiceBeach.jpg\" alt=\"Paradice Beach\" \/><\/figure>\n<figure><img decoding=\"async\" src=\"https:\/\/rrigcg.com\/wp-content\/uploads\/2023\/12\/MassTax.jpg\" alt=\"MassTax\" \/><\/figure>\n<p>\t\t\t\t\t\t<svg aria-hidden=\"true\" viewBox=\"0 0 1000 1000\" xmlns=\"http:\/\/www.w3.org\/2000\/svg\"><path d=\"M646 125C629 125 613 133 604 142L308 442C296 454 292 471 292 487 292 504 296 521 308 533L604 854C617 867 629 875 646 875 663 875 679 871 692 858 704 846 713 829 713 812 713 796 708 779 692 767L438 487 692 225C700 217 708 204 708 187 708 171 704 154 692 142 675 129 663 125 646 125Z\"><\/path><\/svg><br \/>\n\t\t\t\t\t\t<svg aria-hidden=\"true\" viewBox=\"0 0 1000 1000\" xmlns=\"http:\/\/www.w3.org\/2000\/svg\"><path d=\"M696 533C708 521 713 504 713 487 713 471 708 454 696 446L400 146C388 133 375 125 354 125 338 125 325 129 313 142 300 154 292 171 292 187 292 204 296 221 308 233L563 492 304 771C292 783 288 800 288 817 288 833 296 850 308 863 321 871 338 875 354 875 371 875 388 867 400 854L696 533Z\"><\/path><\/svg><br \/>\n\t\t\t\t<svg aria-hidden=\"true\" viewBox=\"0 0 576 512\" xmlns=\"http:\/\/www.w3.org\/2000\/svg\"><path d=\"M259.3 17.8L194 150.2 47.9 171.5c-26.2 3.8-36.7 36.1-17.7 54.6l105.7 103-25 145.5c-4.5 26.3 23.2 46 46.4 33.7L288 439.6l130.7 68.7c23.2 12.2 50.9-7.4 46.4-33.7l-25-145.5 105.7-103c19-18.5 8.5-50.8-17.7-54.6L382 150.2 316.7 17.8c-11.7-23.6-45.6-23.9-57.4 0z\"><\/path><\/svg>\t\t\t\t<\/p>\n<h3>\n\t\t\t\t\t\t\t24 A\u00f1os de Experiencia<br \/>\n\t\t\t\t\t<\/h3>\n<p>\n\t\t\t\t\t\tLa Empresa de Consultor\u00eda que tu negocio necesita para expandirse, con m\u00e1s de<br \/>\n24 a\u00f1os de experiencia.\t\t\t\t\t<\/p>\n<p>\t\t\t\t<svg aria-hidden=\"true\" viewBox=\"0 0 576 512\" xmlns=\"http:\/\/www.w3.org\/2000\/svg\"><path d=\"M552 64H448V24c0-13.3-10.7-24-24-24H152c-13.3 0-24 10.7-24 24v40H24C10.7 64 0 74.7 0 88v56c0 35.7 22.5 72.4 61.9 100.7 31.5 22.7 69.8 37.1 110 41.7C203.3 338.5 240 360 240 360v72h-48c-35.3 0-64 20.7-64 56v12c0 6.6 5.4 12 12 12h296c6.6 0 12-5.4 12-12v-12c0-35.3-28.7-56-64-56h-48v-72s36.7-21.5 68.1-73.6c40.3-4.6 78.6-19 110-41.7 39.3-28.3 61.9-65 61.9-100.7V88c0-13.3-10.7-24-24-24zM99.3 192.8C74.9 175.2 64 155.6 64 144v-16h64.2c1 32.6 5.8 61.2 12.8 86.2-15.1-5.2-29.2-12.4-41.7-21.4zM512 144c0 16.1-17.7 36.1-35.3 48.8-12.5 9-26.7 16.2-41.8 21.4 7-25 11.8-53.6 12.8-86.2H512v16z\"><\/path><\/svg>\t\t\t\t<\/p>\n<h3>\n\t\t\t\t\t\t\tCompite en el Mercado Global<br \/>\n\t\t\t\t\t<\/h3>\n<p>\n\t\t\t\t\t\tNuestros procesos elevar\u00e1n su negocio por encima de las expectativas corporativas y de su competencia.\t\t\t\t\t<\/p>\n<p>\t\t\t\t<svg aria-hidden=\"true\" viewBox=\"0 0 512 512\" xmlns=\"http:\/\/www.w3.org\/2000\/svg\"><path d=\"M8 256C8 119 119 8 256 8s248 111 248 248-111 248-248 248S8 393 8 256zm231-113.9L103.5 277.6c-9.4 9.4-9.4 24.6 0 33.9l17 17c9.4 9.4 24.6 9.4 33.9 0L256 226.9l101.6 101.6c9.4 9.4 24.6 9.4 33.9 0l17-17c9.4-9.4 9.4-24.6 0-33.9L273 142.1c-9.4-9.4-24.6-9.4-34 0z\"><\/path><\/svg>\t\t\t\t<\/p>\n<h3>\n\t\t\t\t\t\t\tHaga Crecer su Negocio<br \/>\n\t\t\t\t\t<\/h3>\n<p>\n\t\t\t\t\t\tLe ayudaremos a obtener un plan financiero de acuerdo a los resultados obtenidos en los an\u00e1lisis empresariales.\t\t\t\t\t<\/p>\n<p>\t\t\t\t<svg aria-hidden=\"true\" viewBox=\"0 0 512 512\" xmlns=\"http:\/\/www.w3.org\/2000\/svg\"><path d=\"M256 8C119.043 8 8 119.083 8 256c0 136.997 111.043 248 248 248s248-111.003 248-248C504 119.083 392.957 8 256 8zm0 448c-110.532 0-200-89.431-200-200 0-110.495 89.472-200 200-200 110.491 0 200 89.471 200 200 0 110.53-89.431 200-200 200zm107.244-255.2c0 67.052-72.421 68.084-72.421 92.863V300c0 6.627-5.373 12-12 12h-45.647c-6.627 0-12-5.373-12-12v-8.659c0-35.745 27.1-50.034 47.579-61.516 17.561-9.845 28.324-16.541 28.324-29.579 0-17.246-21.999-28.693-39.784-28.693-23.189 0-33.894 10.977-48.942 29.969-4.057 5.12-11.46 6.071-16.666 2.124l-27.824-21.098c-5.107-3.872-6.251-11.066-2.644-16.363C184.846 131.491 214.94 112 261.794 112c49.071 0 101.45 38.304 101.45 88.8zM298 368c0 23.159-18.841 42-42 42s-42-18.841-42-42 18.841-42 42-42 42 18.841 42 42z\"><\/path><\/svg>\t\t\t\t<\/p>\n<h3>\n\t\t\t\t\t\t\t\u00bfPor Qu\u00e9 Escoger a RRI Global Consulting Group Inc.?<br \/>\n\t\t\t\t\t<\/h3>\n<p>\n\t\t\t\t\t\t\u00bfEst\u00e1s buscando una empresa de consultor\u00eda que pueda ayudarte a alcanzar tus objetivos empresariales con \u00e9xito? \u00a1RRI Global Consulting Group Inc. es la respuesta! Nuestra empresa ofrece soluciones innovadoras y personalizadas para cada uno de nuestros clientes, lo que nos permite trabajar juntos para encontrar la mejor soluci\u00f3n posible. Con a\u00f1os de experiencia, nuestro equipo altamente capacitado ha ayudado a empresas de todos los tama\u00f1os a aumentar su productividad y rentabilidad, as\u00ed como a evitar posibles obst\u00e1culos. En RRI Global Consulting Group Inc., no solo nos enfocamos en tus metas y objetivos empresariales, sino que tambi\u00e9n nos aseguramos de mantenerte motivado y enfocado en el camino hacia el \u00e9xito. \u00a1Perm\u00edtenos ayudarte a alcanzar todo tu potencial empresarial con RRI Global Consulting Group Inc.!\t\t\t\t\t<\/p>\n<p>\t\t\t<svg aria-hidden=\"true\" viewBox=\"0 0 640 512\" xmlns=\"http:\/\/www.w3.org\/2000\/svg\"><path d=\"M608 64H32C14.33 64 0 78.33 0 96v320c0 17.67 14.33 32 32 32h576c17.67 0 32-14.33 32-32V96c0-17.67-14.33-32-32-32zM48 400v-64c35.35 0 64 28.65 64 64H48zm0-224v-64h64c0 35.35-28.65 64-64 64zm272 176c-44.19 0-80-42.99-80-96 0-53.02 35.82-96 80-96s80 42.98 80 96c0 53.03-35.83 96-80 96zm272 48h-64c0-35.35 28.65-64 64-64v64zm0-224c-35.35 0-64-28.65-64-64h64v64z\"><\/path><\/svg>\t\t\t<\/p>\n<p>Aceptamos Efectivo, Cheques, y Tarjetas de Cr\u00e9dito<\/p>\n<p>\t\t\t<svg aria-hidden=\"true\" viewBox=\"0 0 640 512\" xmlns=\"http:\/\/www.w3.org\/2000\/svg\"><path d=\"M192 256c61.9 0 112-50.1 112-112S253.9 32 192 32 80 82.1 80 144s50.1 112 112 112zm76.8 32h-8.3c-20.8 10-43.9 16-68.5 16s-47.6-6-68.5-16h-8.3C51.6 288 0 339.6 0 403.2V432c0 26.5 21.5 48 48 48h288c26.5 0 48-21.5 48-48v-28.8c0-63.6-51.6-115.2-115.2-115.2zM480 256c53 0 96-43 96-96s-43-96-96-96-96 43-96 96 43 96 96 96zm48 32h-3.8c-13.9 4.8-28.6 8-44.2 8s-30.3-3.2-44.2-8H432c-20.4 0-39.2 5.9-55.7 15.4 24.4 26.3 39.7 61.2 39.7 99.8v38.4c0 2.2-.5 4.3-.6 6.4H592c26.5 0 48-21.5 48-48 0-61.9-50.1-112-112-112z\"><\/path><\/svg>\t\t\t<\/p>\n<p>24 a\u00f1os de experiencia<\/p>\n<p>\t\t\t<svg aria-hidden=\"true\" viewBox=\"0 0 448 512\" xmlns=\"http:\/\/www.w3.org\/2000\/svg\"><path d=\"M148 288h-40c-6.6 0-12-5.4-12-12v-40c0-6.6 5.4-12 12-12h40c6.6 0 12 5.4 12 12v40c0 6.6-5.4 12-12 12zm108-12v-40c0-6.6-5.4-12-12-12h-40c-6.6 0-12 5.4-12 12v40c0 6.6 5.4 12 12 12h40c6.6 0 12-5.4 12-12zm96 0v-40c0-6.6-5.4-12-12-12h-40c-6.6 0-12 5.4-12 12v40c0 6.6 5.4 12 12 12h40c6.6 0 12-5.4 12-12zm-96 96v-40c0-6.6-5.4-12-12-12h-40c-6.6 0-12 5.4-12 12v40c0 6.6 5.4 12 12 12h40c6.6 0 12-5.4 12-12zm-96 0v-40c0-6.6-5.4-12-12-12h-40c-6.6 0-12 5.4-12 12v40c0 6.6 5.4 12 12 12h40c6.6 0 12-5.4 12-12zm192 0v-40c0-6.6-5.4-12-12-12h-40c-6.6 0-12 5.4-12 12v40c0 6.6 5.4 12 12 12h40c6.6 0 12-5.4 12-12zm96-260v352c0 26.5-21.5 48-48 48H48c-26.5 0-48-21.5-48-48V112c0-26.5 21.5-48 48-48h48V12c0-6.6 5.4-12 12-12h40c6.6 0 12 5.4 12 12v52h128V12c0-6.6 5.4-12 12-12h40c6.6 0 12 5.4 12 12v52h48c26.5 0 48 21.5 48 48zm-48 346V160H48v298c0 3.3 2.7 6 6 6h340c3.3 0 6-2.7 6-6z\"><\/path><\/svg>\t\t\t<\/p>\n<p>Lun &#8211; Vie 09:00 \/ 17:00<\/p>\n<p>EST\u00c1S A UN CLICK de NOSOTROS<\/p>\n<h2>Comun\u00edcate con RRI Global Consulting Group Inc<\/h2>\n<p>Dise\u00f1o de marca, branding, contenido, web y digital: Black Brand by Hern\u00e1n Murillo<\/p>\n<p><a href=\"http:\/\/www.hernanmurillo.com\" target=\"_blank\" rel=\"noopener\">Hern\u00e1n Murillo Bustillos<\/a> www.hernanmurillo.com<\/p>\n","protected":false},"excerpt":{"rendered":"<p>Facebook Linkedin Instagram Youtube PROGRAM RRI GLOBAL CONSULTING GROUP INC. ACCEDER A Membres\u00eda Construye un negocio s\u00f3lido con nuestra membres\u00eda, incrementa tu facturaci\u00f3n (sin tanto estr\u00e9s) y obt\u00e9n tu tiempo para desarrollar otros proyectos empresariales &#8230; &lt;&lt; Menos Horas de Trabajo. M\u00e1s Ingresos. M\u00e1s Organizaci\u00f3n y Resultados &gt;&gt; Quiero la membres\u00eda Programa de Membres\u00eda RRI&hellip; <a class=\"more-link\" href=\"https:\/\/rrigcg.com\/index.php\/membership\/\">Seguir leyendo <span class=\"screen-reader-text\">Membership<\/span><\/a><\/p>\n","protected":false},"author":1,"featured_media":2340,"parent":0,"menu_order":0,"comment_status":"closed","ping_status":"closed","template":"elementor_canvas","meta":{"footnotes":""},"class_list":["post-3337","page","type-page","status-publish","has-post-thumbnail","hentry","entry"],"_links":{"self":[{"href":"https:\/\/rrigcg.com\/index.php\/wp-json\/wp\/v2\/pages\/3337","targetHints":{"allow":["GET"]}}],"collection":[{"href":"https:\/\/rrigcg.com\/index.php\/wp-json\/wp\/v2\/pages"}],"about":[{"href":"https:\/\/rrigcg.com\/index.php\/wp-json\/wp\/v2\/types\/page"}],"author":[{"embeddable":true,"href":"https:\/\/rrigcg.com\/index.php\/wp-json\/wp\/v2\/users\/1"}],"replies":[{"embeddable":true,"href":"https:\/\/rrigcg.com\/index.php\/wp-json\/wp\/v2\/comments?post=3337"}],"version-history":[{"count":20,"href":"https:\/\/rrigcg.com\/index.php\/wp-json\/wp\/v2\/pages\/3337\/revisions"}],"predecessor-version":[{"id":3654,"href":"https:\/\/rrigcg.com\/index.php\/wp-json\/wp\/v2\/pages\/3337\/revisions\/3654"}],"wp:featuredmedia":[{"embeddable":true,"href":"https:\/\/rrigcg.com\/index.php\/wp-json\/wp\/v2\/media\/2340"}],"wp:attachment":[{"href":"https:\/\/rrigcg.com\/index.php\/wp-json\/wp\/v2\/media?parent=3337"}],"curies":[{"name":"wp","href":"https:\/\/api.w.org\/{rel}","templated":true}]}}